d thousands digit of 754427?
7
What is the ten thousands digit of 4099863?
9
What is the units digit of 704171?
1
What is the thousands digit of 4071627?
1
What is the thousands digit of 7186852?
6
What is the hundred thousands digit of 2261560?
2
What is the units digit of 4236957?
7
What is the tens digit of 1713?
1
What is the thousands digit of 4258160?
8
What is the ten thousands digit of 2961380?
6
What is the hundred thousands digit of 5814574?
8
What is the tens digit of 1491212?
1
What is the tens digit of 20290482?
8
What is the units digit of 302715?
5
What is the hundreds digit of 732641?
6
What is the units digit of 1873462?
2
What is the ten thousands digit of 28660118?
6
What is the hundred thousands digit of 17000755?
0
What is the hundred thousands digit of 9959755?
9
What is the hundreds digit of 5541?
5
What is the tens digit of 149?
4
What is the units digit of 148163?
3
What is the tens digit of 324615?
1
What is the units digit of 9169213?
3
What is the hundreds digit of 23203483?
4
What is the ten thousands digit of 766364?
6
What is the hundreds digit of 259929?
9
What is the ten thousands digit of 7996672?
9
What is the hundreds digit of 17284196?
1
What is the hundred thousands digit of 896667?
8
What is the ten thousands digit of 2790498?
9
What is the hundreds digit of 955897?
8
What is the tens digit of 381442?
4
What is the ten thousands digit of 28753583?
5
What is the thousands digit of 285724?
5
What is the millions digit of 1101805?
1
What is the ten thousands digit of 1718998?
1
What is the units digit of 63651?
1
What is the hundreds digit of 1017167?
1
What is the hundreds digit of 7005249?
2
What is the thousands digit of 60731?
0
What is the units digit of 11373683?
3
What is the tens digit of 4225941?
4
What is the tens digit of 3960886?
8
What is the hundreds digit of 302962?
9
What is the tens digit of 28140117?
1
What is the thousands digit of 73337?
3
What is the units digit of 764749?
9
What is the millions digit of 2579772?
2
What is the ten thousands digit of 320626?
2
What is the tens digit of 681803?
0
What is the units digit of 11153510?
0
What is the ten thousands digit of 610186?
1
What is the hundred thousands digit of 2396419?
3
What is the hundreds digit of 524?
5
What is the units digit of 278703?
3
What is the tens digit of 22294500?
0
What is the thousands digit of 41014?
1
What is the hundred thousands digit of 914486?
9
What is the millions digit of 3167472?
3
What is the units digit of 400997?
7
What is the units digit of 6386326?
6
What is the thousands digit of 9043055?
3
What is the ten thousands digit of 4434038?
3
What is the ten thousands digit of 3101177?
0
What is the tens digit of 46746?
4
What is the ten thousands digit of 649156?
4
What is the thousands digit of 1452859?
2
What is the thousands digit of 22591159?
1
What is the hundred thousands digit of 173784?
1
What is the hundreds digit of 491244?
2
What is the units digit of 264480?
0
What is the hundred thousands digit of 148507?
1
What is the tens digit of 643537?
3
What is the units digit of 2318655?
5
What is the tens digit of 4465465?
6
What is the units digit of 7421169?
9
What is the tens digit of 477325?
2
What is the hundred thousands digit of 807450?
8
What is the thousands digit of 2309511?
9
What is the units digit of 5226349?
9
What is the tens digit of 221035?
3
What is the hundreds digit of 646220?
2
What is the hundred thousands digit of 4525108?
5
What is the tens digit of 165862?
6
What is the hundred thousands digit of 912718?
9
What is the hundred thousands digit of 14235714?
2
What is the hundred thousands digit of 21789419?
7
What is the hundreds digit of 2632425?
4
What is the ten millions digit of 31004230?
3
What is the hundreds digit of 1556264?
2
What is the hundreds digit of 272426?
4
What is the hundreds digit of 480426?
4
What is the millions digit of 14161906?
4
What is the thousands digit of 1100563?
0
What is the thousands digit of 1095432?
5
What is the hundreds digit of 6861660?
6
What is the hundred thousands digit of 18580604?
5
What is the ten thousands digit of 8109485?
0
What is the millions digit of 10152428?
0
What is the units digit of 828119?
9
What is the thousands digit of 2313086?
3
What is the ten thousands digit of 1176437?
7
What is the tens digit of 187194?
9
What is the hundreds digit of 158877?
8
What is the tens digit of 20829?
2
What is the thousands digit of 2299640?
9
What is the thousands digit of 18092789?
2
What is the hundred thousands digit of 4084001?
0
What is the thousands digit of 49485?
9
What is the millions digit of 8275961?
8
What is the hundreds digit of 1813858?
8
What is the ten thousands digit of 38830753?
3
What is the thousands digit of 154484?
4
What is the hundred thousands digit of 5724968?
7
What is the thousands digit of 446789?
6
What is the hundred thousands digit of 15467796?
4
What is the units digit of 403014?
4
What is the hundred thousands digit of 489842?
4
What is the units digit of 365466?
6
What is the units digit of 856395?
5
What is the tens digit of 57663?
6
What is the units digit of 19406514?
4
What is the tens digit of 230202?
0
What is the ten thousands digit of 669447?
6
What is the thousands digit of 1159362?
9
What is the units digit of 60922?
2
What is the tens digit of 57677?
7
What is the ten millions digit of 16289690?
1
What is the thousands digit of 51216?
1
What is the ten thousands digit of 2461312?
6
What is the tens digit of 303749?
4
What is the ten thousands digit of 1623030?
2
What is the hundreds digit of 1100462?
4
What is the ten thousands digit of 13443490?
4
What is the ten thousands digit of 4724208?
2
What is the hundred thousands digit of 544568?
5
What is the tens digit of 141844?
4
What is the units digit of 11409421?
1
What is the units digit of 209848?
8
What is the hundreds digit of 55510?
5
What is the ten thousands digit of 7250351?
5
What is the tens digit of 589125?
2
What is the ten thousands digit of 189815?
8
What is the hundreds digit of 541831?
8
What is the thousands digit of 159304?
9
What is the hundred thousands digit of 442566?
4
What is the hundred thousands digit of 309353?
3
What is the hundred thousands digit of 14161287?
1
What is the hundred thousands digit of 1709343?
7
What is the millions digit of 1858523?
1
What is the ten thousands digit of 555570?
5
What is the hundred thousands digit of 6372515?
3
What is the hundred thousands digit of 11444573?
4
What is the thousands digit of 323102?
3
What is the tens digit of 20572378?
7
What is the tens digit of 18724413?
1
What is the thousands digit of 433345?
3
What is the ten millions digit of 22110845?
2
What is the thousands digit of 730952?
0
What is the millions digit of 16916132?
6
What is the hundreds digit of 454706?
7
What is the millions digit of 12044727?
2
What is the ten thousands digit of 2360474?
6
What is the hundred thousands digit of 521148?
5
What is the units digit of 1097299?
9
What is the thousands digit of 3244512?
4
What is the ten thousands digit of 579037?
7
What is the ten thousands digit of 697157?
9
What is the hundreds digit of 43119?
1
What is the ten thousands digit of 361156?
6
What is the ten thousands digit of 5091362?
9
What is the tens digit of 432860?
6
What is the thousands digit of 728743?
8
What is the ten thousands digit of 186128?
8
What is the tens digit of 18958523?
2
What is the thousands digit of 1236923?
6
What is the units digit of 7009?
9
What is the units digit of 996521?
1
What is the hundreds digit of 8528059?
0
What is the tens digit of 128238?
3
What is the hundreds digit of 582144?
1
What is the units digit of 26767?
7
What is the ten thousands digit of 87756?
8
What is the millions digit of 6446234?
6
What is the hundreds digit of 903654?
6
What is the units digit of 182352?
2
What is the hundred thousands digit of 1761851?
7
What is the ten thousands digit of 347624?
4
What is the ten thousands digit of 67069?
6
What is the tens digit of 81762?
6
What is the ten thousands digit of 3522318?
2
What is the units digit of 216003?
3
What is the units digit of 385177?
7
What is the hundred thousands digit of 240311?
2
What is the tens digit of 17397381?
8
What is the te